{"id":2621,"date":"2026-02-06T20:38:20","date_gmt":"2026-02-06T20:38:20","guid":{"rendered":"https:\/\/macomcenter.com.br\/novo\/?post_type=product&#038;p=2621"},"modified":"2026-02-06T20:38:20","modified_gmt":"2026-02-06T20:38:20","slug":"liv-maconaria-100-instrucoes-de-aprendiz","status":"publish","type":"product","link":"https:\/\/macomcenter.com.br\/novo\/produto\/liv-maconaria-100-instrucoes-de-aprendiz\/","title":{"rendered":"LIV &#8211; Ma\u00e7onaria: 100 Instru\u00e7\u00f5es de Aprendiz"},"content":{"rendered":"<div class=\"Y3BBE\" data-sfc-cp=\"\" data-hveid=\"CAEQAA\" data-processed=\"true\">&#8220;Ma\u00e7onaria: 100 Instru\u00e7\u00f5es de Aprendiz&#8221;, de\u00a0<span data-processed=\"true\"><a class=\"H23r4e\" href=\"https:\/\/www.amazon.com.br\/Ma%C3%A7onaria-Instru%C3%A7%C3%B5es-Aprendiz-Raymundo-Junior\/dp\/8537002070\" target=\"_blank\" rel=\"noopener\" data-processed=\"true\">Raymundo D&#8217;Elia Junior<\/a><\/span>\u00a0(<span data-processed=\"true\"><a class=\"H23r4e\" href=\"https:\/\/www.madras.com.br\/maconaria\/maconaria-100-instrucoes-de-aprendiz\" target=\"_blank\" rel=\"noopener\" data-processed=\"true\">Editora Madras<\/a><\/span>),\u00a0<mark class=\"HxTRcb\" data-processed=\"true\">\u00e9 um guia fundamental para ma\u00e7ons do primeiro grau, oferecendo instru\u00e7\u00f5es organizadas em teores simb\u00f3licos, filos\u00f3ficos, pr\u00e1ticos e institucionais<\/mark>. A obra auxilia no estudo e entendimento da inicia\u00e7\u00e3o, focando no aperfei\u00e7oamento moral e no uso das ferramentas de trabalho.<span class=\"uJ19be notranslate\" data-wiz-uids=\"XWPW9c_e,XWPW9c_f\" data-processed=\"true\"><span class=\"vKEkVd\" data-animation-atomic=\"\" data-wiz-attrbind=\"class=XWPW9c_d\/TKHnVd\" data-processed=\"true\"><span aria-hidden=\"true\" data-processed=\"true\">\u00a0<\/span><button class=\"rBl3me\" tabindex=\"0\" data-amic=\"true\" data-icl-uuid=\"ff6ca67c-fe1d-4c98-90bc-6c22f718a494\" aria-label=\"Mostrar links relacionados\" data-wiz-attrbind=\"disabled=XWPW9c_d\/C5gNJc;aria-label=XWPW9c_d\/bOjMyf;class=XWPW9c_d\/UpSNec\" data-ved=\"2ahUKEwjR7sSC3MWSAxV-j5UCHaP7H80Qye0OegQIARAE\" data-processed=\"true\"><\/button><\/span><\/span><\/div>\n<div class=\"Y3BBE\" data-sfc-cp=\"\" data-hveid=\"CAIQAA\" data-processed=\"true\"><strong class=\"Yjhzub\" data-processed=\"true\">Pontos principais da obra:<\/strong><button class=\"rBl3me\" tabindex=\"0\" data-amic=\"true\" data-icl-uuid=\"02fa66dc-333a-4ebb-98ba-f7d14db8057a\" aria-label=\"Mostrar links relacionados\" data-wiz-attrbind=\"disabled=XWPW9c_l\/C5gNJc;aria-label=XWPW9c_l\/bOjMyf;class=XWPW9c_l\/UpSNec\" data-ved=\"2ahUKEwjR7sSC3MWSAxV-j5UCHaP7H80Qye0OegQIAhAB\" data-processed=\"true\"><\/button><\/div>\n<ul class=\"KsbFXc U6u95\" data-processed=\"true\">\n<li data-hveid=\"CAMQAA\" data-processed=\"true\"><span class=\"T286Pc\" data-sfc-cp=\"\" data-processed=\"true\"><strong class=\"Yjhzub\" data-processed=\"true\">Conte\u00fado Pr\u00e1tico:<\/strong>\u00a0Re\u00fane 100 instru\u00e7\u00f5es que norteiam o Aprendiz em sua senda ma\u00e7\u00f4nica, focando no simbolismo e rituais.<\/span><\/li>\n<li data-hveid=\"CAMQAQ\" data-processed=\"true\"><span class=\"T286Pc\" data-sfc-cp=\"\" data-processed=\"true\"><strong class=\"Yjhzub\" data-processed=\"true\">Temas Abordados:<\/strong>\u00a0Explora o Teoria Simb\u00f3lico, Filos\u00f3fico, Pr\u00e1tico e Institucional, facilitando o aprendizado sobre o primeiro grau.<\/span><\/li>\n<li data-hveid=\"CAMQAg\" data-processed=\"true\"><span class=\"T286Pc\" data-sfc-cp=\"\" data-processed=\"true\"><strong class=\"Yjhzub\" data-processed=\"true\">Foco no Desenvolvimento:<\/strong>\u00a0Orienta o aprendiz a desbastar a &#8220;pedra bruta&#8221; e entender a &#8220;Verdadeira Luz&#8221; recebida na inicia\u00e7\u00e3o.<\/span><\/li>\n<li data-hveid=\"CAMQAw\" data-processed=\"true\"><span class=\"T286Pc\" data-sfc-cp=\"\" data-processed=\"true\"><strong class=\"Yjhzub\" data-processed=\"true\">P\u00fablico-alvo:<\/strong>\u00a0Essencial para iniciados, mas tamb\u00e9m recomendado para ma\u00e7ons experientes e interessados em conhecer a institui\u00e7\u00e3o.<\/span><span class=\"uJ19be notranslate\" data-wiz-uids=\"XWPW9c_12,XWPW9c_13\" data-processed=\"true\"><span class=\"vKEkVd\" data-animation-atomic=\"\" data-wiz-attrbind=\"class=XWPW9c_11\/TKHnVd\" data-processed=\"true\"><span aria-hidden=\"true\" data-processed=\"true\">\u00a0<\/span><button class=\"rBl3me\" tabindex=\"0\" data-amic=\"true\" data-icl-uuid=\"826902f3-811d-4593-8cb9-fae63e726846\" aria-label=\"Mostrar links relacionados\" data-wiz-attrbind=\"disabled=XWPW9c_11\/C5gNJc;aria-label=XWPW9c_11\/bOjMyf;class=XWPW9c_11\/UpSNec\" data-ved=\"2ahUKEwjR7sSC3MWSAxV-j5UCHaP7H80Qye0OegQIAxAE\" data-processed=\"true\"><\/button><\/span><\/span><\/li>\n<\/ul>\n<div class=\"Y3BBE\" data-sfc-cp=\"\" data-hveid=\"CAUQAA\" data-processed=\"true\">A obra utiliza um estilo de apresenta\u00e7\u00e3o que facilita a concentra\u00e7\u00e3o e o aprendizado, sendo uma fonte de sabedoria e transforma\u00e7\u00e3o espiritual para a constru\u00e7\u00e3o de uma sociedade mais justa.<span class=\"uJ19be notranslate\" data-wiz-uids=\"XWPW9c_2c,XWPW9c_2d\" data-processed=\"true\"><span class=\"vKEkVd\" data-animation-atomic=\"\" data-wiz-attrbind=\"class=XWPW9c_2b\/TKHnVd\" data-processed=\"true\"><span aria-hidden=\"true\" data-processed=\"true\">\u00a0<\/span><\/span><\/span><\/div>\n","protected":false},"excerpt":{"rendered":"<p>368 p\u00e1g<\/p>\n","protected":false},"featured_media":2622,"comment_status":"open","ping_status":"closed","template":"","meta":{"site-sidebar-layout":"default","site-content-layout":"","ast-site-content-layout":"default","site-content-style":"default","site-sidebar-style":"default","ast-global-header-display":"","ast-banner-title-visibility":"","ast-main-header-display":"","ast-hfb-above-header-display":"","ast-hfb-below-header-display":"","ast-hfb-mobile-header-display":"","site-post-title":"","ast-breadcrumbs-content":"","ast-featured-img":"","footer-sml-layout":"","ast-disable-related-posts":"","theme-transparent-header-meta":"default","adv-header-id-meta":"","stick-header-meta":"","header-above-stick-meta":"","header-main-stick-meta":"","header-below-stick-meta":"","astra-migrate-meta-layouts":"set","ast-page-background-enabled":"default","ast-page-background-meta":{"desktop":{"background-color":"var(--ast-global-color-5)","background-image":"","background-repeat":"repeat","background-position":"center center","background-size":"auto","background-attachment":"scroll","background-type":"","background-media":"","overlay-type":"","overlay-color":"","overlay-opacity":"","overlay-gradient":""},"tablet":{"background-color":"","background-image":"","background-repeat":"repeat","background-position":"center center","background-size":"auto","background-attachment":"scroll","background-type":"","background-media":"","overlay-type":"","overlay-color":"","overlay-opacity":"","overlay-gradient":""},"mobile":{"background-color":"","background-image":"","background-repeat":"repeat","background-position":"center center","background-size":"auto","background-attachment":"scroll","background-type":"","background-media":"","overlay-type":"","overlay-color":"","overlay-opacity":"","overlay-gradient":""}},"ast-content-background-meta":{"desktop":{"background-color":"var(--ast-global-color-4)","background-image":"","background-repeat":"repeat","background-position":"center center","background-size":"auto","background-attachment":"scroll","background-type":"","background-media":"","overlay-type":"","overlay-color":"","overlay-opacity":"","overlay-gradient":""},"tablet":{"background-color":"var(--ast-global-color-4)","background-image":"","background-repeat":"repeat","background-position":"center center","background-size":"auto","background-attachment":"scroll","background-type":"","background-media":"","overlay-type":"","overlay-color":"","overlay-opacity":"","overlay-gradient":""},"mobile":{"background-color":"var(--ast-global-color-4)","background-image":"","background-repeat":"repeat","background-position":"center center","background-size":"auto","background-attachment":"scroll","background-type":"","background-media":"","overlay-type":"","overlay-color":"","overlay-opacity":"","overlay-gradient":""}}},"product_brand":[],"product_cat":[40],"product_tag":[],"class_list":{"0":"post-2621","1":"product","2":"type-product","3":"status-publish","4":"has-post-thumbnail","6":"product_cat-livros","7":"desktop-align-center","8":"tablet-align-left","9":"mobile-align-left","11":"first","12":"instock","13":"shipping-taxable","14":"purchasable","15":"product-type-simple"},"yoast_head":"<!-- This site is optimized with the Yoast SEO plugin v27.5 - https:\/\/yoast.com\/product\/yoast-seo-wordpress\/ -->\n<title>LIV - Ma\u00e7onaria: 100 Instru\u00e7\u00f5es de Aprendiz - Ma\u00e7om Center<\/title>\n<meta name=\"description\" content=\"LIV - Ma\u00e7onaria: 100 Instru\u00e7\u00f5es de Aprendiz\" \/>\n<meta name=\"robots\" content=\"index, follow, max-snippet:-1, max-image-preview:large, max-video-preview:-1\" \/>\n<link rel=\"canonical\" href=\"https:\/\/macomcenter.com.br\/novo\/produto\/liv-maconaria-100-instrucoes-de-aprendiz\/\" \/>\n<meta property=\"og:locale\" content=\"pt_BR\" \/>\n<meta property=\"og:type\" content=\"article\" \/>\n<meta property=\"og:title\" content=\"LIV - Ma\u00e7onaria: 100 Instru\u00e7\u00f5es de Aprendiz - Ma\u00e7om Center\" \/>\n<meta property=\"og:description\" content=\"LIV - Ma\u00e7onaria: 100 Instru\u00e7\u00f5es de Aprendiz\" \/>\n<meta property=\"og:url\" content=\"https:\/\/macomcenter.com.br\/novo\/produto\/liv-maconaria-100-instrucoes-de-aprendiz\/\" \/>\n<meta property=\"og:site_name\" content=\"Ma\u00e7om Center\" \/>\n<meta property=\"og:image\" content=\"https:\/\/macomcenter.com.br\/novo\/wp-content\/uploads\/2026\/02\/100-Instr.png\" \/>\n\t<meta property=\"og:image:width\" content=\"1190\" \/>\n\t<meta property=\"og:image:height\" content=\"1190\" \/>\n\t<meta property=\"og:image:type\" content=\"image\/png\" \/>\n<meta name=\"twitter:card\" content=\"summary_large_image\" \/>\n<meta name=\"twitter:label1\" content=\"Est. tempo de leitura\" \/>\n\t<meta name=\"twitter:data1\" content=\"2 minutos\" \/>\n<script type=\"application\/ld+json\" class=\"yoast-schema-graph\">{\"@context\":\"https:\\\/\\\/schema.org\",\"@graph\":[{\"@type\":\"WebPage\",\"@id\":\"https:\\\/\\\/macomcenter.com.br\\\/novo\\\/produto\\\/liv-maconaria-100-instrucoes-de-aprendiz\\\/\",\"url\":\"https:\\\/\\\/macomcenter.com.br\\\/novo\\\/produto\\\/liv-maconaria-100-instrucoes-de-aprendiz\\\/\",\"name\":\"LIV - Ma\u00e7onaria: 100 Instru\u00e7\u00f5es de Aprendiz - Ma\u00e7om Center\",\"isPartOf\":{\"@id\":\"https:\\\/\\\/macomcenter.com.br\\\/novo\\\/#website\"},\"primaryImageOfPage\":{\"@id\":\"https:\\\/\\\/macomcenter.com.br\\\/novo\\\/produto\\\/liv-maconaria-100-instrucoes-de-aprendiz\\\/#primaryimage\"},\"image\":{\"@id\":\"https:\\\/\\\/macomcenter.com.br\\\/novo\\\/produto\\\/liv-maconaria-100-instrucoes-de-aprendiz\\\/#primaryimage\"},\"thumbnailUrl\":\"https:\\\/\\\/macomcenter.com.br\\\/novo\\\/wp-content\\\/uploads\\\/2026\\\/02\\\/100-Instr.png\",\"datePublished\":\"2026-02-06T20:38:20+00:00\",\"description\":\"LIV - Ma\u00e7onaria: 100 Instru\u00e7\u00f5es de Aprendiz\",\"breadcrumb\":{\"@id\":\"https:\\\/\\\/macomcenter.com.br\\\/novo\\\/produto\\\/liv-maconaria-100-instrucoes-de-aprendiz\\\/#breadcrumb\"},\"inLanguage\":\"pt-BR\",\"potentialAction\":[{\"@type\":\"ReadAction\",\"target\":[\"https:\\\/\\\/macomcenter.com.br\\\/novo\\\/produto\\\/liv-maconaria-100-instrucoes-de-aprendiz\\\/\"]}]},{\"@type\":\"ImageObject\",\"inLanguage\":\"pt-BR\",\"@id\":\"https:\\\/\\\/macomcenter.com.br\\\/novo\\\/produto\\\/liv-maconaria-100-instrucoes-de-aprendiz\\\/#primaryimage\",\"url\":\"https:\\\/\\\/macomcenter.com.br\\\/novo\\\/wp-content\\\/uploads\\\/2026\\\/02\\\/100-Instr.png\",\"contentUrl\":\"https:\\\/\\\/macomcenter.com.br\\\/novo\\\/wp-content\\\/uploads\\\/2026\\\/02\\\/100-Instr.png\",\"width\":1190,\"height\":1190},{\"@type\":\"BreadcrumbList\",\"@id\":\"https:\\\/\\\/macomcenter.com.br\\\/novo\\\/produto\\\/liv-maconaria-100-instrucoes-de-aprendiz\\\/#breadcrumb\",\"itemListElement\":[{\"@type\":\"ListItem\",\"position\":1,\"name\":\"In\u00edcio\",\"item\":\"https:\\\/\\\/macomcenter.com.br\\\/novo\\\/\"},{\"@type\":\"ListItem\",\"position\":2,\"name\":\"Produtos\",\"item\":\"https:\\\/\\\/macomcenter.com.br\\\/novo\\\/shop\\\/\"},{\"@type\":\"ListItem\",\"position\":3,\"name\":\"LIV &#8211; Ma\u00e7onaria: 100 Instru\u00e7\u00f5es de Aprendiz\"}]},{\"@type\":\"WebSite\",\"@id\":\"https:\\\/\\\/macomcenter.com.br\\\/novo\\\/#website\",\"url\":\"https:\\\/\\\/macomcenter.com.br\\\/novo\\\/\",\"name\":\"Ma\u00e7om Center\",\"description\":\"A melhor loja virtual para Ma\u00e7ons\",\"potentialAction\":[{\"@type\":\"SearchAction\",\"target\":{\"@type\":\"EntryPoint\",\"urlTemplate\":\"https:\\\/\\\/macomcenter.com.br\\\/novo\\\/?s={search_term_string}\"},\"query-input\":{\"@type\":\"PropertyValueSpecification\",\"valueRequired\":true,\"valueName\":\"search_term_string\"}}],\"inLanguage\":\"pt-BR\"}]}<\/script>\n<!-- \/ Yoast SEO plugin. -->","yoast_head_json":{"title":"LIV - Ma\u00e7onaria: 100 Instru\u00e7\u00f5es de Aprendiz - Ma\u00e7om Center","description":"LIV - Ma\u00e7onaria: 100 Instru\u00e7\u00f5es de Aprendiz","robots":{"index":"index","follow":"follow","max-snippet":"max-snippet:-1","max-image-preview":"max-image-preview:large","max-video-preview":"max-video-preview:-1"},"canonical":"https:\/\/macomcenter.com.br\/novo\/produto\/liv-maconaria-100-instrucoes-de-aprendiz\/","og_locale":"pt_BR","og_type":"article","og_title":"LIV - Ma\u00e7onaria: 100 Instru\u00e7\u00f5es de Aprendiz - Ma\u00e7om Center","og_description":"LIV - Ma\u00e7onaria: 100 Instru\u00e7\u00f5es de Aprendiz","og_url":"https:\/\/macomcenter.com.br\/novo\/produto\/liv-maconaria-100-instrucoes-de-aprendiz\/","og_site_name":"Ma\u00e7om Center","og_image":[{"width":1190,"height":1190,"url":"https:\/\/macomcenter.com.br\/novo\/wp-content\/uploads\/2026\/02\/100-Instr.png","type":"image\/png"}],"twitter_card":"summary_large_image","twitter_misc":{"Est. tempo de leitura":"2 minutos"},"schema":{"@context":"https:\/\/schema.org","@graph":[{"@type":"WebPage","@id":"https:\/\/macomcenter.com.br\/novo\/produto\/liv-maconaria-100-instrucoes-de-aprendiz\/","url":"https:\/\/macomcenter.com.br\/novo\/produto\/liv-maconaria-100-instrucoes-de-aprendiz\/","name":"LIV - Ma\u00e7onaria: 100 Instru\u00e7\u00f5es de Aprendiz - Ma\u00e7om Center","isPartOf":{"@id":"https:\/\/macomcenter.com.br\/novo\/#website"},"primaryImageOfPage":{"@id":"https:\/\/macomcenter.com.br\/novo\/produto\/liv-maconaria-100-instrucoes-de-aprendiz\/#primaryimage"},"image":{"@id":"https:\/\/macomcenter.com.br\/novo\/produto\/liv-maconaria-100-instrucoes-de-aprendiz\/#primaryimage"},"thumbnailUrl":"https:\/\/macomcenter.com.br\/novo\/wp-content\/uploads\/2026\/02\/100-Instr.png","datePublished":"2026-02-06T20:38:20+00:00","description":"LIV - Ma\u00e7onaria: 100 Instru\u00e7\u00f5es de Aprendiz","breadcrumb":{"@id":"https:\/\/macomcenter.com.br\/novo\/produto\/liv-maconaria-100-instrucoes-de-aprendiz\/#breadcrumb"},"inLanguage":"pt-BR","potentialAction":[{"@type":"ReadAction","target":["https:\/\/macomcenter.com.br\/novo\/produto\/liv-maconaria-100-instrucoes-de-aprendiz\/"]}]},{"@type":"ImageObject","inLanguage":"pt-BR","@id":"https:\/\/macomcenter.com.br\/novo\/produto\/liv-maconaria-100-instrucoes-de-aprendiz\/#primaryimage","url":"https:\/\/macomcenter.com.br\/novo\/wp-content\/uploads\/2026\/02\/100-Instr.png","contentUrl":"https:\/\/macomcenter.com.br\/novo\/wp-content\/uploads\/2026\/02\/100-Instr.png","width":1190,"height":1190},{"@type":"BreadcrumbList","@id":"https:\/\/macomcenter.com.br\/novo\/produto\/liv-maconaria-100-instrucoes-de-aprendiz\/#breadcrumb","itemListElement":[{"@type":"ListItem","position":1,"name":"In\u00edcio","item":"https:\/\/macomcenter.com.br\/novo\/"},{"@type":"ListItem","position":2,"name":"Produtos","item":"https:\/\/macomcenter.com.br\/novo\/shop\/"},{"@type":"ListItem","position":3,"name":"LIV &#8211; Ma\u00e7onaria: 100 Instru\u00e7\u00f5es de Aprendiz"}]},{"@type":"WebSite","@id":"https:\/\/macomcenter.com.br\/novo\/#website","url":"https:\/\/macomcenter.com.br\/novo\/","name":"Ma\u00e7om Center","description":"A melhor loja virtual para Ma\u00e7ons","potentialAction":[{"@type":"SearchAction","target":{"@type":"EntryPoint","urlTemplate":"https:\/\/macomcenter.com.br\/novo\/?s={search_term_string}"},"query-input":{"@type":"PropertyValueSpecification","valueRequired":true,"valueName":"search_term_string"}}],"inLanguage":"pt-BR"}]}},"_links":{"self":[{"href":"https:\/\/macomcenter.com.br\/novo\/wp-json\/wp\/v2\/product\/2621","targetHints":{"allow":["GET"]}}],"collection":[{"href":"https:\/\/macomcenter.com.br\/novo\/wp-json\/wp\/v2\/product"}],"about":[{"href":"https:\/\/macomcenter.com.br\/novo\/wp-json\/wp\/v2\/types\/product"}],"replies":[{"embeddable":true,"href":"https:\/\/macomcenter.com.br\/novo\/wp-json\/wp\/v2\/comments?post=2621"}],"wp:featuredmedia":[{"embeddable":true,"href":"https:\/\/macomcenter.com.br\/novo\/wp-json\/wp\/v2\/media\/2622"}],"wp:attachment":[{"href":"https:\/\/macomcenter.com.br\/novo\/wp-json\/wp\/v2\/media?parent=2621"}],"wp:term":[{"taxonomy":"product_brand","embeddable":true,"href":"https:\/\/macomcenter.com.br\/novo\/wp-json\/wp\/v2\/product_brand?post=2621"},{"taxonomy":"product_cat","embeddable":true,"href":"https:\/\/macomcenter.com.br\/novo\/wp-json\/wp\/v2\/product_cat?post=2621"},{"taxonomy":"product_tag","embeddable":true,"href":"https:\/\/macomcenter.com.br\/novo\/wp-json\/wp\/v2\/product_tag?post=2621"}],"curies":[{"name":"wp","href":"https:\/\/api.w.org\/{rel}","templated":true}]}}