{"id":2168,"date":"2024-03-12T15:25:06","date_gmt":"2024-03-12T15:25:06","guid":{"rendered":"https:\/\/macomcenter.com.br\/novo\/?post_type=product&#038;p=2168"},"modified":"2026-02-06T19:49:02","modified_gmt":"2026-02-06T19:49:02","slug":"a-historia-da-maconaria-da-marca","status":"publish","type":"product","link":"https:\/\/macomcenter.com.br\/novo\/produto\/a-historia-da-maconaria-da-marca\/","title":{"rendered":"LIV &#8211; A Hist\u00f3ria da Ma\u00e7onaria da Marca"},"content":{"rendered":"<div class=\"Y3BBE\" data-sfc-cp=\"\" data-hveid=\"CAEQAA\" data-processed=\"true\">&#8220;A Hist\u00f3ria da Ma\u00e7onaria da Marca&#8221; (org.\u00a0<span data-wiz-uids=\"np3Sgb_b\" data-processed=\"true\"><a class=\"GI370e\" href=\"https:\/\/www.google.com\/search?q=Andrew+Prescott&amp;sca_esv=c552f29483bb25be&amp;biw=1242&amp;bih=552&amp;sxsrf=ANbL-n5avmW6BV-1hRZsrMA-wYkyhz4ioA%3A1770407248851&amp;ei=UEWGaYbXM7TW1sQP5b_cwAE&amp;ved=2ahUKEwiEoLSX0cWSAxVqqJUCHXewDL8QgK4QegQIARAB&amp;uact=5&amp;oq=sinopse+livro+A+Hist%C3%B3ria+da+Ma%C3%A7onaria+da+Marca&amp;gs_lp=Egxnd3Mtd2l6LXNlcnAiMHNpbm9wc2UgbGl2cm8gQSBIaXN0w7NyaWEgZGEgTWHDp29uYXJpYSBkYSBNYXJjYTIFECEYoAFIhAtQhwRYhwRwAXgAkAEAmAHWAaAB1gGqAQMyLTG4AQPIAQD4AQL4AQGYAgKgAu8BwgIIEAAYsAMY7wWYAwCIBgGQBgWSBwUxLjAuMaAHkQKyBwMyLTG4B-UBwgcFMi0xLjHIBw-ACAA&amp;sclient=gws-wiz-serp&amp;mstk=AUtExfB3T7SXWb0W34ajkByBv6RtYtNOFwPqRm8YDXY7YBvIB_okfzigNcbenMrku-IjXbvROAa5q6gm-9yIvMukd15lTWHuOLgKTroKtlq90OJ_vps0p15CUTfDD9miKRg-ZQYHHFp9S5hT5EJw3cuhbHsNSkY4-enbdrkGMwttAqSEAcMuajan3gyqjadh9d8zRfdK_xvLVM0AtJmaUP40D9TocfTNi1jvA1INxzSnrXNR1ugqpQ8-P5nSj7bxq60eRtzbO_68GjSD5TQdqmQFw51iuEVSGbbcGd44RlOLKRnnZg&amp;csui=3\" data-ved=\"2ahUKEwiEoLSX0cWSAxVqqJUCHXewDL8QgK4QegQIARAB\" data-hveid=\"CAEQAQ\" data-processed=\"true\">Andrew Prescott<\/a><\/span>)\u00a0<mark class=\"HxTRcb\" data-processed=\"true\">\u00e9 uma colet\u00e2nea de ensaios que celebra os 150 anos da\u00a0<span data-wiz-uids=\"np3Sgb_e\" data-processed=\"true\"><a class=\"GI370e\" href=\"https:\/\/www.google.com\/search?q=Grande+Loja+de+Mestres+Ma%C3%A7ons+da+Marca&amp;sca_esv=c552f29483bb25be&amp;biw=1242&amp;bih=552&amp;sxsrf=ANbL-n5avmW6BV-1hRZsrMA-wYkyhz4ioA%3A1770407248851&amp;ei=UEWGaYbXM7TW1sQP5b_cwAE&amp;ved=2ahUKEwiEoLSX0cWSAxVqqJUCHXewDL8QgK4QegQIARAD&amp;uact=5&amp;oq=sinopse+livro+A+Hist%C3%B3ria+da+Ma%C3%A7onaria+da+Marca&amp;gs_lp=Egxnd3Mtd2l6LXNlcnAiMHNpbm9wc2UgbGl2cm8gQSBIaXN0w7NyaWEgZGEgTWHDp29uYXJpYSBkYSBNYXJjYTIFECEYoAFIhAtQhwRYhwRwAXgAkAEAmAHWAaAB1gGqAQMyLTG4AQPIAQD4AQL4AQGYAgKgAu8BwgIIEAAYsAMY7wWYAwCIBgGQBgWSBwUxLjAuMaAHkQKyBwMyLTG4B-UBwgcFMi0xLjHIBw-ACAA&amp;sclient=gws-wiz-serp&amp;mstk=AUtExfB3T7SXWb0W34ajkByBv6RtYtNOFwPqRm8YDXY7YBvIB_okfzigNcbenMrku-IjXbvROAa5q6gm-9yIvMukd15lTWHuOLgKTroKtlq90OJ_vps0p15CUTfDD9miKRg-ZQYHHFp9S5hT5EJw3cuhbHsNSkY4-enbdrkGMwttAqSEAcMuajan3gyqjadh9d8zRfdK_xvLVM0AtJmaUP40D9TocfTNi1jvA1INxzSnrXNR1ugqpQ8-P5nSj7bxq60eRtzbO_68GjSD5TQdqmQFw51iuEVSGbbcGd44RlOLKRnnZg&amp;csui=3\" data-ved=\"2ahUKEwiEoLSX0cWSAxVqqJUCHXewDL8QgK4QegQIARAD\" data-hveid=\"CAEQAw\" data-processed=\"true\">Grande Loja de Mestres Ma\u00e7ons da Marca<\/a><\/span>\u00a0(fundada em 1856), explorando seu contexto social, pol\u00edtico e desenvolvimento na era vitoriana. A obra detalha figuras hist\u00f3ricas, a evolu\u00e7\u00e3o dos templos e registros de filia\u00e7\u00e3o<\/mark>.<span class=\"uJ19be notranslate\" data-wiz-uids=\"np3Sgb_g,np3Sgb_h\" data-processed=\"true\"><span class=\"vKEkVd\" data-animation-atomic=\"\" data-wiz-attrbind=\"class=np3Sgb_f\/TKHnVd\" data-processed=\"true\"><span aria-hidden=\"true\" data-processed=\"true\">\u00a0<\/span><button class=\"rBl3me\" tabindex=\"0\" data-amic=\"true\" data-icl-uuid=\"f074887b-5f8e-434b-a8b4-633a360b8b62\" aria-label=\"Mostrar links relacionados\" data-wiz-attrbind=\"disabled=np3Sgb_f\/C5gNJc;aria-label=np3Sgb_f\/bOjMyf;class=np3Sgb_f\/UpSNec\" data-ved=\"2ahUKEwiEoLSX0cWSAxVqqJUCHXewDL8Qye0OegQIARAE\" data-processed=\"true\"><\/button><\/span><\/span><\/div>\n<div class=\"Y3BBE\" data-sfc-cp=\"\" data-hveid=\"CAIQAA\" data-processed=\"true\"><strong class=\"Yjhzub\" data-processed=\"true\">Principais destaques do livro:<\/strong><button class=\"rBl3me\" tabindex=\"0\" data-amic=\"true\" data-icl-uuid=\"1d67550e-30db-4609-96ea-942f30a7abda\" aria-label=\"Mostrar links relacionados\" data-wiz-attrbind=\"disabled=np3Sgb_m\/C5gNJc;aria-label=np3Sgb_m\/bOjMyf;class=np3Sgb_m\/UpSNec\" data-ved=\"2ahUKEwiEoLSX0cWSAxVqqJUCHXewDL8Qye0OegQIAhAB\" data-processed=\"true\"><\/button><\/div>\n<ul class=\"KsbFXc U6u95\" data-processed=\"true\">\n<li data-hveid=\"CAMQAA\" data-processed=\"true\"><span class=\"T286Pc\" data-sfc-cp=\"\" data-processed=\"true\"><strong class=\"Yjhzub\" data-processed=\"true\">Origens:<\/strong>\u00a0Analisa a cria\u00e7\u00e3o da Grande Loja em 1856 na Inglaterra, marcando o desenvolvimento do grau de Mestre Ma\u00e7om da Marca.<\/span><\/li>\n<li data-hveid=\"CAMQAQ\" data-processed=\"true\"><span class=\"T286Pc\" data-sfc-cp=\"\" data-processed=\"true\"><strong class=\"Yjhzub\" data-processed=\"true\">Personagens:<\/strong>\u00a0Apresenta figuras chave como o primeiro Gr\u00e3o-Mestre, Lorde Leigh, al\u00e9m de John Knight da Cornualha e o pol\u00edmata Ebenezer Sibley.<\/span><\/li>\n<li data-hveid=\"CAMQAg\" data-processed=\"true\"><span class=\"T286Pc\" data-sfc-cp=\"\" data-processed=\"true\"><strong class=\"Yjhzub\" data-processed=\"true\">Contexto Vitoriano:<\/strong>\u00a0Estuda o crescimento da ordem durante o per\u00edodo vitoriano, analisando registros de filia\u00e7\u00e3o e a evolu\u00e7\u00e3o dos templos.<\/span><\/li>\n<li data-hveid=\"CAMQAw\" data-processed=\"true\"><span class=\"T286Pc\" data-sfc-cp=\"\" data-processed=\"true\"><strong class=\"Yjhzub\" data-processed=\"true\">Conte\u00fado T\u00e9cnico:<\/strong>\u00a0Inclui ap\u00eandices com diret\u00f3rios de Lojas da Marca na Inglaterra e Pa\u00eds de Gales, oficiais da Grande Loja e uma compila\u00e7\u00e3o de marcas ma\u00e7\u00f4nicas.<\/span><\/li>\n<li data-hveid=\"CAMQBA\" data-processed=\"true\"><span class=\"T286Pc\" data-sfc-cp=\"\" data-processed=\"true\"><strong class=\"Yjhzub\" data-processed=\"true\">Significado do Grau:<\/strong>\u00a0Contextualiza o grau como uma extens\u00e3o do Mestre Ma\u00e7om, onde o Irm\u00e3o \u00e9 &#8220;avan\u00e7ado&#8221; e reconhecido por sua marca.<\/span><span class=\"uJ19be notranslate\" data-wiz-uids=\"np3Sgb_16,np3Sgb_17\" data-processed=\"true\"><span class=\"vKEkVd\" data-animation-atomic=\"\" data-wiz-attrbind=\"class=np3Sgb_15\/TKHnVd\" data-processed=\"true\"><span aria-hidden=\"true\" data-processed=\"true\">\u00a0<\/span><button class=\"rBl3me\" tabindex=\"0\" data-amic=\"true\" data-icl-uuid=\"659dc94d-1347-46c9-9799-a5448cce2a8f\" aria-label=\"Mostrar links relacionados\" data-wiz-attrbind=\"disabled=np3Sgb_15\/C5gNJc;aria-label=np3Sgb_15\/bOjMyf;class=np3Sgb_15\/UpSNec\" data-ved=\"2ahUKEwiEoLSX0cWSAxVqqJUCHXewDL8Qye0OegQIAxAF\" data-processed=\"true\"><\/button><\/span><\/span><\/li>\n<\/ul>\n<div class=\"Y3BBE\" data-sfc-cp=\"\" data-hveid=\"CAQQAA\" data-processed=\"true\">Com 512 p\u00e1ginas, \u00e9 uma obra fundamental para entender a evolu\u00e7\u00e3o hist\u00f3rica e a estrutura\u00e7\u00e3o da Ma\u00e7onaria da Marca.<span class=\"uJ19be notranslate\" data-wiz-uids=\"np3Sgb_1d,np3Sgb_1e\" data-processed=\"true\"><span class=\"vKEkVd\" data-animation-atomic=\"\" data-wiz-attrbind=\"class=np3Sgb_1c\/TKHnVd\" data-processed=\"true\"><span aria-hidden=\"true\" data-processed=\"true\">\u00a0<\/span><\/span><\/span><\/div>\n","protected":false},"excerpt":{"rendered":"<p>510 p\u00e1g<\/p>\n","protected":false},"featured_media":2169,"comment_status":"open","ping_status":"closed","template":"","meta":{"site-sidebar-layout":"default","site-content-layout":"","ast-site-content-layout":"default","site-content-style":"default","site-sidebar-style":"default","ast-global-header-display":"","ast-banner-title-visibility":"","ast-main-header-display":"","ast-hfb-above-header-display":"","ast-hfb-below-header-display":"","ast-hfb-mobile-header-display":"","site-post-title":"","ast-breadcrumbs-content":"","ast-featured-img":"","footer-sml-layout":"","ast-disable-related-posts":"","theme-transparent-header-meta":"default","adv-header-id-meta":"","stick-header-meta":"","header-above-stick-meta":"","header-main-stick-meta":"","header-below-stick-meta":"","astra-migrate-meta-layouts":"set","ast-page-background-enabled":"default","ast-page-background-meta":{"desktop":{"background-color":"var(--ast-global-color-5)","background-image":"","background-repeat":"repeat","background-position":"center center","background-size":"auto","background-attachment":"scroll","background-type":"","background-media":"","overlay-type":"","overlay-color":"","overlay-opacity":"","overlay-gradient":""},"tablet":{"background-color":"","background-image":"","background-repeat":"repeat","background-position":"center center","background-size":"auto","background-attachment":"scroll","background-type":"","background-media":"","overlay-type":"","overlay-color":"","overlay-opacity":"","overlay-gradient":""},"mobile":{"background-color":"","background-image":"","background-repeat":"repeat","background-position":"center center","background-size":"auto","background-attachment":"scroll","background-type":"","background-media":"","overlay-type":"","overlay-color":"","overlay-opacity":"","overlay-gradient":""}},"ast-content-background-meta":{"desktop":{"background-color":"var(--ast-global-color-4)","background-image":"","background-repeat":"repeat","background-position":"center center","background-size":"auto","background-attachment":"scroll","background-type":"","background-media":"","overlay-type":"","overlay-color":"","overlay-opacity":"","overlay-gradient":""},"tablet":{"background-color":"var(--ast-global-color-4)","background-image":"","background-repeat":"repeat","background-position":"center center","background-size":"auto","background-attachment":"scroll","background-type":"","background-media":"","overlay-type":"","overlay-color":"","overlay-opacity":"","overlay-gradient":""},"mobile":{"background-color":"var(--ast-global-color-4)","background-image":"","background-repeat":"repeat","background-position":"center center","background-size":"auto","background-attachment":"scroll","background-type":"","background-media":"","overlay-type":"","overlay-color":"","overlay-opacity":"","overlay-gradient":""}}},"product_brand":[],"product_cat":[40],"product_tag":[],"class_list":{"0":"post-2168","1":"product","2":"type-product","3":"status-publish","4":"has-post-thumbnail","6":"product_cat-livros","7":"desktop-align-center","8":"tablet-align-left","9":"mobile-align-left","11":"first","12":"instock","13":"shipping-taxable","14":"purchasable","15":"product-type-simple"},"yoast_head":"<!-- This site is optimized with the Yoast SEO plugin v27.6 - https:\/\/yoast.com\/product\/yoast-seo-wordpress\/ -->\n<title>LIV - A Hist\u00f3ria da Ma\u00e7onaria da Marca - Ma\u00e7om Center<\/title>\n<meta name=\"robots\" content=\"index, follow, max-snippet:-1, max-image-preview:large, max-video-preview:-1\" \/>\n<link rel=\"canonical\" href=\"https:\/\/macomcenter.com.br\/novo\/produto\/a-historia-da-maconaria-da-marca\/\" \/>\n<meta property=\"og:locale\" content=\"pt_BR\" \/>\n<meta property=\"og:type\" content=\"article\" \/>\n<meta property=\"og:title\" content=\"LIV - A Hist\u00f3ria da Ma\u00e7onaria da Marca - Ma\u00e7om Center\" \/>\n<meta property=\"og:description\" content=\"510 p\u00e1g\" \/>\n<meta property=\"og:url\" content=\"https:\/\/macomcenter.com.br\/novo\/produto\/a-historia-da-maconaria-da-marca\/\" \/>\n<meta property=\"og:site_name\" content=\"Ma\u00e7om Center\" \/>\n<meta property=\"article:modified_time\" content=\"2026-02-06T19:49:02+00:00\" \/>\n<meta property=\"og:image\" content=\"https:\/\/macomcenter.com.br\/novo\/wp-content\/uploads\/2024\/03\/Historia-da-Maconaria-da-Marca.png\" \/>\n\t<meta property=\"og:image:width\" content=\"1587\" \/>\n\t<meta property=\"og:image:height\" content=\"1600\" \/>\n\t<meta property=\"og:image:type\" content=\"image\/png\" \/>\n<meta name=\"twitter:card\" content=\"summary_large_image\" \/>\n<meta name=\"twitter:label1\" content=\"Est. tempo de leitura\" \/>\n\t<meta name=\"twitter:data1\" content=\"2 minutos\" \/>\n<script type=\"application\/ld+json\" class=\"yoast-schema-graph\">{\"@context\":\"https:\\\/\\\/schema.org\",\"@graph\":[{\"@type\":\"WebPage\",\"@id\":\"https:\\\/\\\/macomcenter.com.br\\\/novo\\\/produto\\\/a-historia-da-maconaria-da-marca\\\/\",\"url\":\"https:\\\/\\\/macomcenter.com.br\\\/novo\\\/produto\\\/a-historia-da-maconaria-da-marca\\\/\",\"name\":\"LIV - A Hist\u00f3ria da Ma\u00e7onaria da Marca - Ma\u00e7om Center\",\"isPartOf\":{\"@id\":\"https:\\\/\\\/macomcenter.com.br\\\/novo\\\/#website\"},\"primaryImageOfPage\":{\"@id\":\"https:\\\/\\\/macomcenter.com.br\\\/novo\\\/produto\\\/a-historia-da-maconaria-da-marca\\\/#primaryimage\"},\"image\":{\"@id\":\"https:\\\/\\\/macomcenter.com.br\\\/novo\\\/produto\\\/a-historia-da-maconaria-da-marca\\\/#primaryimage\"},\"thumbnailUrl\":\"https:\\\/\\\/macomcenter.com.br\\\/novo\\\/wp-content\\\/uploads\\\/2024\\\/03\\\/Historia-da-Maconaria-da-Marca.png\",\"datePublished\":\"2024-03-12T15:25:06+00:00\",\"dateModified\":\"2026-02-06T19:49:02+00:00\",\"breadcrumb\":{\"@id\":\"https:\\\/\\\/macomcenter.com.br\\\/novo\\\/produto\\\/a-historia-da-maconaria-da-marca\\\/#breadcrumb\"},\"inLanguage\":\"pt-BR\",\"potentialAction\":[{\"@type\":\"ReadAction\",\"target\":[\"https:\\\/\\\/macomcenter.com.br\\\/novo\\\/produto\\\/a-historia-da-maconaria-da-marca\\\/\"]}]},{\"@type\":\"ImageObject\",\"inLanguage\":\"pt-BR\",\"@id\":\"https:\\\/\\\/macomcenter.com.br\\\/novo\\\/produto\\\/a-historia-da-maconaria-da-marca\\\/#primaryimage\",\"url\":\"https:\\\/\\\/macomcenter.com.br\\\/novo\\\/wp-content\\\/uploads\\\/2024\\\/03\\\/Historia-da-Maconaria-da-Marca.png\",\"contentUrl\":\"https:\\\/\\\/macomcenter.com.br\\\/novo\\\/wp-content\\\/uploads\\\/2024\\\/03\\\/Historia-da-Maconaria-da-Marca.png\",\"width\":1587,\"height\":1600},{\"@type\":\"BreadcrumbList\",\"@id\":\"https:\\\/\\\/macomcenter.com.br\\\/novo\\\/produto\\\/a-historia-da-maconaria-da-marca\\\/#breadcrumb\",\"itemListElement\":[{\"@type\":\"ListItem\",\"position\":1,\"name\":\"In\u00edcio\",\"item\":\"https:\\\/\\\/macomcenter.com.br\\\/novo\\\/\"},{\"@type\":\"ListItem\",\"position\":2,\"name\":\"Produtos\",\"item\":\"https:\\\/\\\/macomcenter.com.br\\\/novo\\\/shop\\\/\"},{\"@type\":\"ListItem\",\"position\":3,\"name\":\"LIV &#8211; A Hist\u00f3ria da Ma\u00e7onaria da Marca\"}]},{\"@type\":\"WebSite\",\"@id\":\"https:\\\/\\\/macomcenter.com.br\\\/novo\\\/#website\",\"url\":\"https:\\\/\\\/macomcenter.com.br\\\/novo\\\/\",\"name\":\"Ma\u00e7om Center\",\"description\":\"A melhor loja virtual para Ma\u00e7ons\",\"potentialAction\":[{\"@type\":\"SearchAction\",\"target\":{\"@type\":\"EntryPoint\",\"urlTemplate\":\"https:\\\/\\\/macomcenter.com.br\\\/novo\\\/?s={search_term_string}\"},\"query-input\":{\"@type\":\"PropertyValueSpecification\",\"valueRequired\":true,\"valueName\":\"search_term_string\"}}],\"inLanguage\":\"pt-BR\"}]}<\/script>\n<!-- \/ Yoast SEO plugin. -->","yoast_head_json":{"title":"LIV - A Hist\u00f3ria da Ma\u00e7onaria da Marca - Ma\u00e7om Center","robots":{"index":"index","follow":"follow","max-snippet":"max-snippet:-1","max-image-preview":"max-image-preview:large","max-video-preview":"max-video-preview:-1"},"canonical":"https:\/\/macomcenter.com.br\/novo\/produto\/a-historia-da-maconaria-da-marca\/","og_locale":"pt_BR","og_type":"article","og_title":"LIV - A Hist\u00f3ria da Ma\u00e7onaria da Marca - Ma\u00e7om Center","og_description":"510 p\u00e1g","og_url":"https:\/\/macomcenter.com.br\/novo\/produto\/a-historia-da-maconaria-da-marca\/","og_site_name":"Ma\u00e7om Center","article_modified_time":"2026-02-06T19:49:02+00:00","og_image":[{"width":1587,"height":1600,"url":"https:\/\/macomcenter.com.br\/novo\/wp-content\/uploads\/2024\/03\/Historia-da-Maconaria-da-Marca.png","type":"image\/png"}],"twitter_card":"summary_large_image","twitter_misc":{"Est. tempo de leitura":"2 minutos"},"schema":{"@context":"https:\/\/schema.org","@graph":[{"@type":"WebPage","@id":"https:\/\/macomcenter.com.br\/novo\/produto\/a-historia-da-maconaria-da-marca\/","url":"https:\/\/macomcenter.com.br\/novo\/produto\/a-historia-da-maconaria-da-marca\/","name":"LIV - A Hist\u00f3ria da Ma\u00e7onaria da Marca - Ma\u00e7om Center","isPartOf":{"@id":"https:\/\/macomcenter.com.br\/novo\/#website"},"primaryImageOfPage":{"@id":"https:\/\/macomcenter.com.br\/novo\/produto\/a-historia-da-maconaria-da-marca\/#primaryimage"},"image":{"@id":"https:\/\/macomcenter.com.br\/novo\/produto\/a-historia-da-maconaria-da-marca\/#primaryimage"},"thumbnailUrl":"https:\/\/macomcenter.com.br\/novo\/wp-content\/uploads\/2024\/03\/Historia-da-Maconaria-da-Marca.png","datePublished":"2024-03-12T15:25:06+00:00","dateModified":"2026-02-06T19:49:02+00:00","breadcrumb":{"@id":"https:\/\/macomcenter.com.br\/novo\/produto\/a-historia-da-maconaria-da-marca\/#breadcrumb"},"inLanguage":"pt-BR","potentialAction":[{"@type":"ReadAction","target":["https:\/\/macomcenter.com.br\/novo\/produto\/a-historia-da-maconaria-da-marca\/"]}]},{"@type":"ImageObject","inLanguage":"pt-BR","@id":"https:\/\/macomcenter.com.br\/novo\/produto\/a-historia-da-maconaria-da-marca\/#primaryimage","url":"https:\/\/macomcenter.com.br\/novo\/wp-content\/uploads\/2024\/03\/Historia-da-Maconaria-da-Marca.png","contentUrl":"https:\/\/macomcenter.com.br\/novo\/wp-content\/uploads\/2024\/03\/Historia-da-Maconaria-da-Marca.png","width":1587,"height":1600},{"@type":"BreadcrumbList","@id":"https:\/\/macomcenter.com.br\/novo\/produto\/a-historia-da-maconaria-da-marca\/#breadcrumb","itemListElement":[{"@type":"ListItem","position":1,"name":"In\u00edcio","item":"https:\/\/macomcenter.com.br\/novo\/"},{"@type":"ListItem","position":2,"name":"Produtos","item":"https:\/\/macomcenter.com.br\/novo\/shop\/"},{"@type":"ListItem","position":3,"name":"LIV &#8211; A Hist\u00f3ria da Ma\u00e7onaria da Marca"}]},{"@type":"WebSite","@id":"https:\/\/macomcenter.com.br\/novo\/#website","url":"https:\/\/macomcenter.com.br\/novo\/","name":"Ma\u00e7om Center","description":"A melhor loja virtual para Ma\u00e7ons","potentialAction":[{"@type":"SearchAction","target":{"@type":"EntryPoint","urlTemplate":"https:\/\/macomcenter.com.br\/novo\/?s={search_term_string}"},"query-input":{"@type":"PropertyValueSpecification","valueRequired":true,"valueName":"search_term_string"}}],"inLanguage":"pt-BR"}]}},"_links":{"self":[{"href":"https:\/\/macomcenter.com.br\/novo\/wp-json\/wp\/v2\/product\/2168","targetHints":{"allow":["GET"]}}],"collection":[{"href":"https:\/\/macomcenter.com.br\/novo\/wp-json\/wp\/v2\/product"}],"about":[{"href":"https:\/\/macomcenter.com.br\/novo\/wp-json\/wp\/v2\/types\/product"}],"replies":[{"embeddable":true,"href":"https:\/\/macomcenter.com.br\/novo\/wp-json\/wp\/v2\/comments?post=2168"}],"wp:featuredmedia":[{"embeddable":true,"href":"https:\/\/macomcenter.com.br\/novo\/wp-json\/wp\/v2\/media\/2169"}],"wp:attachment":[{"href":"https:\/\/macomcenter.com.br\/novo\/wp-json\/wp\/v2\/media?parent=2168"}],"wp:term":[{"taxonomy":"product_brand","embeddable":true,"href":"https:\/\/macomcenter.com.br\/novo\/wp-json\/wp\/v2\/product_brand?post=2168"},{"taxonomy":"product_cat","embeddable":true,"href":"https:\/\/macomcenter.com.br\/novo\/wp-json\/wp\/v2\/product_cat?post=2168"},{"taxonomy":"product_tag","embeddable":true,"href":"https:\/\/macomcenter.com.br\/novo\/wp-json\/wp\/v2\/product_tag?post=2168"}],"curies":[{"name":"wp","href":"https:\/\/api.w.org\/{rel}","templated":true}]}}